hat is 111001011 + 1110010?
1000111101
In base 11, what is -40772a + 2?
-407728
In base 10, what is 22 - 549?
-527
In base 5, what is 100 - -313312?
313412
In base 6, what is 4 - -252211?
252215
In base 9, what is -212 - -2753?
2541
In base 3, what is 1211121 - -212011?
2200202
In base 14, what is 9 - 52b?
-522
In base 10, what is 5 - 60796?
-60791
In base 16, what is -138d - 6?
-1393
In base 14, what is -18b45 + -4?
-18b49
In base 16, what is -7cc - -6?
-7c6
In base 8, what is -476 - -343?
-133
In base 9, what is -287337 - -4?
-287333
In base 7, what is -23036 + 5?
-23031
In base 6, what is 15342 - 341?
15001
In base 6, what is 3343 - 43?
3300
In base 7, what is 640 + 304?
1244
In base 5, what is -24040014 + 4?
-24040010
In base 5, what is 114 - -12443?
13112
In base 10, what is -1763 + -22?
-1785
In base 8, what is 3 + -27055?
-27052
In base 4, what is 23000123 - -1?
23000130
In base 3, what is -102201200 - 10?
-102201210
In base 10, what is 1616808 - -4?
1616812
In base 15, what is -5 - -2d892?
2d88c
In base 9, what is -363718 + -41?
-363760
In base 15, what is 5 - 20da23?
-20da1d
In base 10, what is 341 + -82?
259
In base 3, what is -200110 - -2022?
-121011
In base 11, what is 65912 - 4?
65909
In base 7, what is -512 - -4421?
3606
In base 6, what is -20441 - -33?
-20404
In base 13, what is 41 + -cc4?
-c83
In base 10, what is 72 - -47?
119
In base 16, what is -a6fe7 + 2?
-a6fe5
In base 2, what is -1000011000110100 + 101?
-1000011000101111
In base 2, what is -10001100001001010001 - 101?
-10001100001001010110
In base 5, what is -2 - -2342?
2340
In base 11, what is -32 - 133?
-165
In base 15, what is -993 - -27?
-96b
In base 11, what is -83 + -3a6?
-479
In base 8, what is -16630 + 1111?
-15517
In base 4, what is -2 - 23331101?
-23331103
In base 16, what is 173 - 6?
16d
In base 15, what is 1 - -11081a?
11081b
In base 16, what is -5378c + 0?
-5378c
In base 14, what is 19355 - -5?
1935a
In base 10, what is -69293 + 51?
-69242
In base 2, what is 11001 + -1001110010010?
-1001101111001
In base 13, what is 5 + -2493b1?
-2493a9
In base 9, what is -144588 + -4?
-144603
In base 2, what is 11100100 + -101?
11011111
In base 9, what is 4 + 53442?
53446
In base 6, what is 114031 - -11?
114042
In base 15, what is 7e6 + 48?
83e
In base 6, what is -334 - 2205?
-2543
In base 9, what is -176 + 2210?
2023
In base 3, what is -101100 - 11202110?
-12010210
In base 9, what is 136037 - 13?
136024
In base 12, what is -b - 720?
-72b
In base 5, what is -10 + 120144441?
120144431
In base 2, what is 101110011101011011 + 100?
101110011101011111
In base 2, what is 101 + -10110101100011110?
-10110101100011001
In base 6, what is 305 - -55531?
100240
In base 13, what is -b8 + -805?
-8c0
In base 7, what is -1264 + 1444?
150
In base 6, what is -14 + 3005025?
3005011
In base 9, what is 1351 - -206?
1557
In base 3, what is -112212 - 20012211?
-20202200
In base 16, what is -31 - e8cf?
-e900
In base 6, what is -21340 - -20?
-21320
In base 3, what is -11 - 10012010?
-10012021
In base 4, what is -2223 + -113232?
-122121
In base 2, what is 11011001111 - -100111000?
100000000111
In base 11, what is 50 + -768?
-718
In base 5, what is 30331 + 2001?
32332
In base 4, what is -13031 - 210?
-13301
In base 8, what is 1270 - -16?
1306
In base 13, what is 0 + -31496?
-31496
In base 2, what is -10011101 + -1101100110?
-10000000011
In base 4, what is 10303301 - -2013?
10311320
In base 13, what is 330ba4 + 4?
330ba8
In base 16, what is -7753 - 2?
-7755
In base 11, what is -8 - -39033?
39026
In base 13, what is -140aa7 + 4?
-140aa3
In base 7, what is 106312110 - 1?
106312106
In base 4, what is -220230 - -11?
-220213
In base 13, what is -bc + -5110?
-51cc
In base 9, what is 358547 - -1?
358548
In base 3, what is -210 - -1200201210?
1200201000
In base 6, what is -4313552 + -11?
-4314003
In base 8, what is 341 - 32743?
-32402
In base 9, what is 33 + -116385?
-116352
In base 14, what is -9 + 5960b?
59602
In base 16, what is 642e + 5?
6433
In base 10, what is -38466 + 7?
-38459
In base 10, what is -13 + -5709?
-5722
In base 16, what is 1 - 1083?
-1082
In base 4, what is -303101 - -21233?
-221202
In base 16, what is -1 - -8e4fa?
8e4f9
In base 9, what is -25658 + 77?
-25571
In base 9, what is 2528441 + -1?
2528440
In base 9, what is -28645 + -4?
-28650
In base 6, what is 151 + -32231?
-32040
In base 9, what is 6 + 537682?
537688
In base 3, what is 102 + 2110102?
2110211
In base 4, what is -1 - 323331?
-323332
In base 11, what is 632a789 + -2?
632a787
In base 9, what is -23504 - -2?
-23502
In base 2, what is 10011111 - 110111110111?
-110101011000
In base 11, what is -100 - 112?
-212
In base 12, what is -4 + -38b25?
-38b29
In base 4, what is -33221 + 1001?
-32220
In base 3, what is 10 + 20121110110?
20121110120
In base 4, what is 0 - 10003?
-10003
In base 12, what is 1 - -1b20?
1b21
In base 15, what is -923d - -6?
-9237
In base 13, what is -17619 - 1?
-1761a
In base 6, what is 1 - -51542412?
51542413
In base 14, what is 3c - 103?
-a5
In base 6, what is -20 + 112151?
112131
In base 9, what is -34812 + -46?
-34858
In base 10, what is -18 + -147?
-165
In base 7, what is 1 + -226013?
-226012
In base 8, what is 1 - 1462732?
-1462731
In base 10, what is 137 - -13687?
13824
In base 7, what is 10 + -621?
-611
In base 14, what is 42b7 - 46?
4271
In base 16, what is 8b + -d36?
-cab
In base 9, what is 1733 + -26?
1706
In base 10, what is -16 + 3209?
3193
In base 3, what is 2 - 12012122122?
-12012122120
In base 3, what is -12201010010 - 11?
-12201010021
In base 14, what is -12734 - -2?
-12732
In base 7, what is -125 - 110561?
-111016
In base 4, what is -2320101 + 1?
-2320100
In base 13, what is -16197 - -18?
-1617c
In base 10, what is 3 - 13711?
-13708
In base 15, what is 13b + -6c?
be
In base 15, what is -d076 + 3?
-d073
In base 15, what is e + -352a?
-351b
In base 9, what is -10065 - 46?
-10122
In base 2, what is -1100 + 100001100100100011?
100001100100010111
In base 9, what is 24048 + -11?
24037
In base 5, what is 3 - -43304?
43312
In base 5, what is -10003044 - -4?
-10003040
In base 16, what is 42 - fba?
-f78
In base 14, what is 3 - d69bc?
-d69b9
In base 10, what is -301963 + -4?
-301967
In base 16, what is -1d791 - -18?
-1d779
In base 3, what is 120012 + -2022012?
-1202000
In base 11, what is 3 + -8704?
-8701
In base 13, what is -84 + -2098?
-214c
In base 12, what is -8983 - -2?
-8981
In base 9, what is 122 + -4078?
-3856
In base 15, what is -4 - -9c?
98
In base 9, what is -2 + 35774?
35772
In base 9, what is -8138 - 42?
-8181
In base 15, what is -1 - 1e07b?
-1e07c
In base 7, what is -3316 + 1411?
-1605
In base 4, what is 13220 + -2322?
10232
In base 3, what is -10021002 + -211?
-10021220
In base 12, what is 15017 + -1?
15016
In base 10, what is -312 + 203?
-109
In base 11, what is 2 - -19196?
19198
In base 3, what is -11222112 + 21000?
-11201112
In base 11, what is 51 - -1427?
1478
In base 15, what is -127d + 6a?
-1213
In base 6, what is -2151520 - -5?
-2151511
In base 15, what is -c0 - -1116?
1046
In base 7, what is -54262 + -33?
-54325
In base 12, what is -31 + 41363?
41332
In base 16, what is -2cf - 1542?
-1811
In base 3, what is 2120 - 1000002?
-220112
In base 7, what is 4025253 + -3?
4025250
In base 2, what is 1010100101011 - -10001?
1010100111100
In base 14, what is 2024 - -22?
2046
In base 9, what is 7 - -22885?
23003
In base 10, what is -25289 - 1?
-25290
In base 6, what is -4 + 1124240?
1124232
In base 11, what is -33071 - 20?
-33091
In base 15, what is 2221a - -1?
2221b
In base 16, what is -2443 + 1?
-2442
In base 8, what is -752 - -4107?
3135
In base 5, what is 414413 - -102?
420020
In base 12, what is -38 + 3808?
3790
In base 11, what is 4 + 11822a?
118233
In base 3, what is 22220101 - 122?
22212202
In base 16, what is c8 + -675?
-5ad
In base 5, what is -22103332 - -3?
-22103324
In base 14, what is -5 - 1c5b?
-1c62
In base 2, what is -11100 - -1001110011?
1001010111
In base 10, what is -9 - 30112?
-30121
In base 9, what is 338 + -123?
215
In base 16, what is -79d0 + -11?
-79e1
In base 9, what is 116126 + -8?
116117
In base 11, what is 19 + 10a36?
10a54
In base 7, what is -24 + -10203?
-10230
In base 14, what is 1bb84 + 2?
1bb86
In base 15, what is 341 - -6b7?
a08
In base 5, what is -2 + 310242?
310